{"id":1191,"date":"2020-03-24T14:12:26","date_gmt":"2020-03-24T13:12:26","guid":{"rendered":"https:\/\/kvoev-actp.ch\/?page_id=1191"},"modified":"2024-02-26T13:49:45","modified_gmt":"2024-02-26T12:49:45","slug":"organisation","status":"publish","type":"page","link":"https:\/\/www.kvoev-actp.ch\/fr\/qui-est-lactp\/organisation\/","title":{"rendered":"Organisation"},"content":{"rendered":"\t\t<div data-elementor-type=\"wp-page\" data-elementor-id=\"1191\" class=\"elementor elementor-1191 elementor-66\" data-elementor-post-type=\"page\">\n\t\t\t\t\t\t<section class=\"elementor-section elementor-top-section elementor-element elementor-element-6894186 elementor-section-boxed elementor-section-height-default elementor-section-height-default\" data-id=\"6894186\" data-element_type=\"section\" data-e-type=\"section\">\n\t\t\t\t\t\t<div class=\"elementor-container elementor-column-gap-default\">\n\t\t\t\t\t<div class=\"elementor-column elementor-col-100 elementor-top-column elementor-element elementor-element-d33c74d\" data-id=\"d33c74d\" data-element_type=\"column\" data-e-type=\"column\">\n\t\t\t<div class=\"elementor-widget-wrap elementor-element-populated\">\n\t\t\t\t\t\t<div class=\"elementor-element elementor-element-13928e7 elementor-widget elementor-widget-spacer\" data-id=\"13928e7\" data-element_type=\"widget\" data-e-type=\"widget\" data-widget_type=\"spacer.default\">\n\t\t\t\t<div class=\"elementor-widget-container\">\n\t\t\t\t\t\t\t<div class=\"elementor-spacer\">\n\t\t\t<div class=\"elementor-spacer-inner\"><\/div>\n\t\t<\/div>\n\t\t\t\t\t\t<\/div>\n\t\t\t\t<\/div>\n\t\t\t\t\t<\/div>\n\t\t<\/div>\n\t\t\t\t\t<\/div>\n\t\t<\/section>\n\t\t\t\t<section class=\"elementor-section elementor-top-section elementor-element elementor-element-ad20ddd elementor-section-boxed elementor-section-height-default elementor-section-height-default\" data-id=\"ad20ddd\" data-element_type=\"section\" data-e-type=\"section\">\n\t\t\t\t\t\t<div class=\"elementor-container elementor-column-gap-default\">\n\t\t\t\t\t<div class=\"elementor-column elementor-col-100 elementor-top-column elementor-element elementor-element-c4a8cf4\" data-id=\"c4a8cf4\" data-element_type=\"column\" data-e-type=\"column\">\n\t\t\t<div class=\"elementor-widget-wrap elementor-element-populated\">\n\t\t\t\t\t\t<div class=\"elementor-element elementor-element-20b57df elementor-widget elementor-widget-heading\" data-id=\"20b57df\" data-element_type=\"widget\" data-e-type=\"widget\" data-widget_type=\"heading.default\">\n\t\t\t\t<div class=\"elementor-widget-container\">\n\t\t\t\t\t<h1 class=\"elementor-heading-title elementor-size-default\">Organisation<\/h1>\t\t\t\t<\/div>\n\t\t\t\t<\/div>\n\t\t\t\t\t<\/div>\n\t\t<\/div>\n\t\t\t\t\t<\/div>\n\t\t<\/section>\n\t\t\t\t<section class=\"elementor-section elementor-top-section elementor-element elementor-element-b498c2d elementor-section-boxed elementor-section-height-default elementor-section-height-default\" data-id=\"b498c2d\" data-element_type=\"section\" data-e-type=\"section\">\n\t\t\t\t\t\t<div class=\"elementor-container elementor-column-gap-default\">\n\t\t\t\t\t<div class=\"elementor-column elementor-col-100 elementor-top-column elementor-element elementor-element-9150f43\" data-id=\"9150f43\" data-element_type=\"column\" data-e-type=\"column\">\n\t\t\t<div class=\"elementor-widget-wrap elementor-element-populated\">\n\t\t\t\t\t\t<div class=\"elementor-element elementor-element-8f22901 elementor-widget elementor-widget-text-editor\" data-id=\"8f22901\" data-element_type=\"widget\" data-e-type=\"widget\" data-widget_type=\"text-editor.default\">\n\t\t\t\t<div class=\"elementor-widget-container\">\n\t\t\t\t\t\t\t\t\t<p>L\u2019Association des cadres des transports publics ACTP a \u00e9t\u00e9 cr\u00e9\u00e9 en 1998 par la fusion de diverses organisations. Elle a la forme juridique d&#8217;une association. L&#8217;organe supr\u00eame (assembl\u00e9e g\u00e9n\u00e9rale) est l&#8217;Assembl\u00e9e nationale des d\u00e9l\u00e9gu\u00e9s. Le pouvoir ex\u00e9cutif appartient au Comit\u00e9 central.<\/p><p>Les membres sont organis\u00e9s en 4 groupes r\u00e9gionaux. Chaque groupe d\u00e9signe ses d\u00e9l\u00e9gu\u00e9s, qui se r\u00e9unissent une fois par an et d\u00e9cident de la strat\u00e9gie, des statuts, des finances et \u00e9lisent le Comit\u00e9 central.<\/p>\t\t\t\t\t\t\t\t<\/div>\n\t\t\t\t<\/div>\n\t\t\t\t\t<\/div>\n\t\t<\/div>\n\t\t\t\t\t<\/div>\n\t\t<\/section>\n\t\t\t\t<section class=\"elementor-section elementor-top-section elementor-element elementor-element-afec7f9 elementor-section-boxed elementor-section-height-default elementor-section-height-default\" data-id=\"afec7f9\" data-element_type=\"section\" data-e-type=\"section\">\n\t\t\t\t\t\t<div class=\"elementor-container elementor-column-gap-default\">\n\t\t\t\t\t<div class=\"elementor-column elementor-col-100 elementor-top-column elementor-element elementor-element-c5885fa\" data-id=\"c5885fa\" data-element_type=\"column\" data-e-type=\"column\">\n\t\t\t<div class=\"elementor-widget-wrap elementor-element-populated\">\n\t\t\t\t\t\t<div class=\"elementor-element elementor-element-dbaa5ed elementor-widget elementor-widget-heading\" data-id=\"dbaa5ed\" data-element_type=\"widget\" data-e-type=\"widget\" data-widget_type=\"heading.default\">\n\t\t\t\t<div class=\"elementor-widget-container\">\n\t\t\t\t\t<h2 class=\"elementor-heading-title elementor-size-default\">Organisation S\u0153ur<\/h2>\t\t\t\t<\/div>\n\t\t\t\t<\/div>\n\t\t\t\t\t<\/div>\n\t\t<\/div>\n\t\t\t\t\t<\/div>\n\t\t<\/section>\n\t\t\t\t<section class=\"elementor-section elementor-top-section elementor-element elementor-element-06bb1c7 elementor-section-boxed elementor-section-height-default elementor-section-height-default\" data-id=\"06bb1c7\" data-element_type=\"section\" data-e-type=\"section\">\n\t\t\t\t\t\t<div class=\"elementor-container elementor-column-gap-default\">\n\t\t\t\t\t<div class=\"elementor-column elementor-col-100 elementor-top-column elementor-element elementor-element-b41f07a\" data-id=\"b41f07a\" data-element_type=\"column\" data-e-type=\"column\">\n\t\t\t<div class=\"elementor-widget-wrap elementor-element-populated\">\n\t\t\t\t\t\t<div class=\"elementor-element elementor-element-e9a3530 elementor-widget elementor-widget-text-editor\" data-id=\"e9a3530\" data-element_type=\"widget\" data-e-type=\"widget\" data-widget_type=\"text-editor.default\">\n\t\t\t\t<div class=\"elementor-widget-container\">\n\t\t\t\t\t\t\t\t\t<p>Ensemble, nous sommes plus forts: Nous maintenons une coop\u00e9ration \u00e9troite avec l\u2019Association des ing\u00e9nieurs des transports publics ADI (Gesellschaft der Ingenieure des \u00f6ffentlichen Verkehrs GdI). C&#8217;est pourquoi les doubles adh\u00e9sions de nos membres sont courantes.<\/p>\t\t\t\t\t\t\t\t<\/div>\n\t\t\t\t<\/div>\n\t\t\t\t\t<\/div>\n\t\t<\/div>\n\t\t\t\t\t<\/div>\n\t\t<\/section>\n\t\t\t\t<section class=\"elementor-section elementor-top-section elementor-element elementor-element-e9366c5 elementor-section-boxed elementor-section-height-default elementor-section-height-default\" data-id=\"e9366c5\" data-element_type=\"section\" data-e-type=\"section\">\n\t\t\t\t\t\t<div class=\"elementor-container elementor-column-gap-default\">\n\t\t\t\t\t<div class=\"elementor-column elementor-col-100 elementor-top-column elementor-element elementor-element-8324fe8\" data-id=\"8324fe8\" data-element_type=\"column\" data-e-type=\"column\">\n\t\t\t<div class=\"elementor-widget-wrap elementor-element-populated\">\n\t\t\t\t\t\t<div class=\"elementor-element elementor-element-6dc3533 elementor-widget elementor-widget-spacer\" data-id=\"6dc3533\" data-element_type=\"widget\" data-e-type=\"widget\" data-widget_type=\"spacer.default\">\n\t\t\t\t<div class=\"elementor-widget-container\">\n\t\t\t\t\t\t\t<div class=\"elementor-spacer\">\n\t\t\t<div class=\"elementor-spacer-inner\"><\/div>\n\t\t<\/div>\n\t\t\t\t\t\t<\/div>\n\t\t\t\t<\/div>\n\t\t\t\t\t<\/div>\n\t\t<\/div>\n\t\t\t\t\t<\/div>\n\t\t<\/section>\n\t\t\t\t<\/div>\n\t\t","protected":false},"excerpt":{"rendered":"<p>Organisation L\u2019Association des cadres des transports publics ACTP a \u00e9t\u00e9 cr\u00e9\u00e9 en 1998 par la fusion de diverses organisations. Elle a la forme juridique d&#8217;une association. L&#8217;organe supr\u00eame (assembl\u00e9e g\u00e9n\u00e9rale) est l&#8217;Assembl\u00e9e nationale des d\u00e9l\u00e9gu\u00e9s. Le pouvoir ex\u00e9cutif appartient au Comit\u00e9 central. Les membres sont organis\u00e9s en 4 groupes r\u00e9gionaux. Chaque groupe d\u00e9signe ses d\u00e9l\u00e9gu\u00e9s, [&hellip;]<\/p>\n","protected":false},"author":1,"featured_media":0,"parent":1170,"menu_order":0,"comment_status":"closed","ping_status":"closed","template":"","meta":{"footnotes":""},"categories":[],"tags":[],"class_list":["post-1191","page","type-page","status-publish","hentry"],"_links":{"self":[{"href":"https:\/\/www.kvoev-actp.ch\/fr\/wp-json\/wp\/v2\/pages\/1191","targetHints":{"allow":["GET"]}}],"collection":[{"href":"https:\/\/www.kvoev-actp.ch\/fr\/wp-json\/wp\/v2\/pages"}],"about":[{"href":"https:\/\/www.kvoev-actp.ch\/fr\/wp-json\/wp\/v2\/types\/page"}],"author":[{"embeddable":true,"href":"https:\/\/www.kvoev-actp.ch\/fr\/wp-json\/wp\/v2\/users\/1"}],"replies":[{"embeddable":true,"href":"https:\/\/www.kvoev-actp.ch\/fr\/wp-json\/wp\/v2\/comments?post=1191"}],"version-history":[{"count":5,"href":"https:\/\/www.kvoev-actp.ch\/fr\/wp-json\/wp\/v2\/pages\/1191\/revisions"}],"predecessor-version":[{"id":14262,"href":"https:\/\/www.kvoev-actp.ch\/fr\/wp-json\/wp\/v2\/pages\/1191\/revisions\/14262"}],"up":[{"embeddable":true,"href":"https:\/\/www.kvoev-actp.ch\/fr\/wp-json\/wp\/v2\/pages\/1170"}],"wp:attachment":[{"href":"https:\/\/www.kvoev-actp.ch\/fr\/wp-json\/wp\/v2\/media?parent=1191"}],"wp:term":[{"taxonomy":"category","embeddable":true,"href":"https:\/\/www.kvoev-actp.ch\/fr\/wp-json\/wp\/v2\/categories?post=1191"},{"taxonomy":"post_tag","embeddable":true,"href":"https:\/\/www.kvoev-actp.ch\/fr\/wp-json\/wp\/v2\/tags?post=1191"}],"curies":[{"name":"wp","href":"https:\/\/api.w.org\/{rel}","templated":true}]}}

<div data-elementor-type="wp-page" data-elementor-id="1191" class="elementor elementor-1191 elementor-66" data-elementor-post-type="page">
						<section class="elementor-section elementor-top-section elementor-element elementor-element-6894186 elementor-section-boxed elementor-section-height-default elementor-section-height-default" data-id="6894186" data-element_type="section" data-e-type="section">
						<div class="elementor-container elementor-column-gap-default">
					<div class="elementor-column elementor-col-100 elementor-top-column elementor-element elementor-element-d33c74d" data-id="d33c74d" data-element_type="column" data-e-type="column">
			<div class="elementor-widget-wrap elementor-element-populated">
						<div class="elementor-element elementor-element-13928e7 elementor-widget elementor-widget-spacer" data-id="13928e7" data-element_type="widget" data-e-type="widget" data-widget_type="spacer.default">
				<div class="elementor-widget-container">
							<div class="elementor-spacer">
			<div class="elementor-spacer-inner"></div>
		</div>
						</div>
				</div>
					</div>
		</div>
					</div>
		</section>
				<section class="elementor-section elementor-top-section elementor-element elementor-element-ad20ddd elementor-section-boxed elementor-section-height-default elementor-section-height-default" data-id="ad20ddd" data-element_type="section" data-e-type="section">
						<div class="elementor-container elementor-column-gap-default">
					<div class="elementor-column elementor-col-100 elementor-top-column elementor-element elementor-element-c4a8cf4" data-id="c4a8cf4" data-element_type="column" data-e-type="column">
			<div class="elementor-widget-wrap elementor-element-populated">
						<div class="elementor-element elementor-element-20b57df elementor-widget elementor-widget-heading" data-id="20b57df" data-element_type="widget" data-e-type="widget" data-widget_type="heading.default">
				<div class="elementor-widget-container">
					<h1 class="elementor-heading-title elementor-size-default">Organisation</h1>				</div>
				</div>
					</div>
		</div>
					</div>
		</section>
				<section class="elementor-section elementor-top-section elementor-element elementor-element-b498c2d elementor-section-boxed elementor-section-height-default elementor-section-height-default" data-id="b498c2d" data-element_type="section" data-e-type="section">
						<div class="elementor-container elementor-column-gap-default">
					<div class="elementor-column elementor-col-100 elementor-top-column elementor-element elementor-element-9150f43" data-id="9150f43" data-element_type="column" data-e-type="column">
			<div class="elementor-widget-wrap elementor-element-populated">
						<div class="elementor-element elementor-element-8f22901 elementor-widget elementor-widget-text-editor" data-id="8f22901" data-element_type="widget" data-e-type="widget" data-widget_type="text-editor.default">
				<div class="elementor-widget-container">
									<p>L’Association des cadres des transports publics ACTP a été créé en 1998 par la fusion de diverses organisations. Elle a la forme juridique d&#8217;une association. L&#8217;organe suprême (assemblée générale) est l&#8217;Assemblée nationale des délégués. Le pouvoir exécutif appartient au Comité central.</p><p>Les membres sont organisés en 4 groupes régionaux. Chaque groupe désigne ses délégués, qui se réunissent une fois par an et décident de la stratégie, des statuts, des finances et élisent le Comité central.</p>								</div>
				</div>
					</div>
		</div>
					</div>
		</section>
				<section class="elementor-section elementor-top-section elementor-element elementor-element-afec7f9 elementor-section-boxed elementor-section-height-default elementor-section-height-default" data-id="afec7f9" data-element_type="section" data-e-type="section">
						<div class="elementor-container elementor-column-gap-default">
					<div class="elementor-column elementor-col-100 elementor-top-column elementor-element elementor-element-c5885fa" data-id="c5885fa" data-element_type="column" data-e-type="column">
			<div class="elementor-widget-wrap elementor-element-populated">
						<div class="elementor-element elementor-element-dbaa5ed elementor-widget elementor-widget-heading" data-id="dbaa5ed" data-element_type="widget" data-e-type="widget" data-widget_type="heading.default">
				<div class="elementor-widget-container">
					<h2 class="elementor-heading-title elementor-size-default">Organisation Sœur</h2>				</div>
				</div>
					</div>
		</div>
					</div>
		</section>
				<section class="elementor-section elementor-top-section elementor-element elementor-element-06bb1c7 elementor-section-boxed elementor-section-height-default elementor-section-height-default" data-id="06bb1c7" data-element_type="section" data-e-type="section">
						<div class="elementor-container elementor-column-gap-default">
					<div class="elementor-column elementor-col-100 elementor-top-column elementor-element elementor-element-b41f07a" data-id="b41f07a" data-element_type="column" data-e-type="column">
			<div class="elementor-widget-wrap elementor-element-populated">
						<div class="elementor-element elementor-element-e9a3530 elementor-widget elementor-widget-text-editor" data-id="e9a3530" data-element_type="widget" data-e-type="widget" data-widget_type="text-editor.default">
				<div class="elementor-widget-container">
									<p>Ensemble, nous sommes plus forts: Nous maintenons une coopération étroite avec l’Association des ingénieurs des transports publics ADI (Gesellschaft der Ingenieure des öffentlichen Verkehrs GdI). C&#8217;est pourquoi les doubles adhésions de nos membres sont courantes.</p>								</div>
				</div>
					</div>
		</div>
					</div>
		</section>
				<section class="elementor-section elementor-top-section elementor-element elementor-element-e9366c5 elementor-section-boxed elementor-section-height-default elementor-section-height-default" data-id="e9366c5" data-element_type="section" data-e-type="section">
						<div class="elementor-container elementor-column-gap-default">
					<div class="elementor-column elementor-col-100 elementor-top-column elementor-element elementor-element-8324fe8" data-id="8324fe8" data-element_type="column" data-e-type="column">
			<div class="elementor-widget-wrap elementor-element-populated">
						<div class="elementor-element elementor-element-6dc3533 elementor-widget elementor-widget-spacer" data-id="6dc3533" data-element_type="widget" data-e-type="widget" data-widget_type="spacer.default">
				<div class="elementor-widget-container">
							<div class="elementor-spacer">
			<div class="elementor-spacer-inner"></div>
		</div>
						</div>
				</div>
					</div>
		</div>
					</div>
		</section>
				</div>

<p>Organisation L’Association des cadres des transports publics ACTP a été créé en 1998 par la fusion de diverses organisations. Elle a la forme juridique d&#8217;une association. L&#8217;organe suprême (assemblée générale) est l&#8217;Assemblée nationale des délégués. Le pouvoir exécutif appartient au Comité central. Les membres sont organisés en 4 groupes régionaux. Chaque groupe désigne ses délégués, [&hellip;]</p>
