{"id":6526,"date":"2021-11-16T09:21:06","date_gmt":"2021-11-16T08:21:06","guid":{"rendered":"https:\/\/kvoev-actp.ch\/information\/dossiers\/nouvelle-reglementation-pour-les-faci-lites-de-voyage-pour-le-personnel-fvp-2022\/"},"modified":"2024-02-26T15:44:21","modified_gmt":"2024-02-26T14:44:21","slug":"nouvelle-reglementation-pour-les-facilites-de-voyage-pour-le-personnel-fvp-2022","status":"publish","type":"page","link":"https:\/\/www.kvoev-actp.ch\/fr\/information\/dossiers\/nouvelle-reglementation-pour-les-facilites-de-voyage-pour-le-personnel-fvp-2022\/","title":{"rendered":"Nouvelle r\u00e9glementation pour les facilit\u00e9s de voyage pour le personnel FVP 2022"},"content":{"rendered":"\t\t<div data-elementor-type=\"wp-page\" data-elementor-id=\"6526\" class=\"elementor elementor-6526 elementor-6494\" data-elementor-post-type=\"page\">\n\t\t\t\t\t\t<section class=\"elementor-section elementor-top-section elementor-element elementor-element-403621b elementor-section-boxed elementor-section-height-default elementor-section-height-default\" data-id=\"403621b\" data-element_type=\"section\" data-e-type=\"section\">\n\t\t\t\t\t\t<div class=\"elementor-container elementor-column-gap-default\">\n\t\t\t\t\t<div class=\"elementor-column elementor-col-100 elementor-top-column elementor-element elementor-element-8fc0211\" data-id=\"8fc0211\" data-element_type=\"column\" data-e-type=\"column\">\n\t\t\t<div class=\"elementor-widget-wrap elementor-element-populated\">\n\t\t\t\t\t\t<div class=\"elementor-element elementor-element-1b30431 elementor-widget elementor-widget-spacer\" data-id=\"1b30431\" data-element_type=\"widget\" data-e-type=\"widget\" data-widget_type=\"spacer.default\">\n\t\t\t\t<div class=\"elementor-widget-container\">\n\t\t\t\t\t\t\t<div class=\"elementor-spacer\">\n\t\t\t<div class=\"elementor-spacer-inner\"><\/div>\n\t\t<\/div>\n\t\t\t\t\t\t<\/div>\n\t\t\t\t<\/div>\n\t\t\t\t\t<\/div>\n\t\t<\/div>\n\t\t\t\t\t<\/div>\n\t\t<\/section>\n\t\t\t\t<section class=\"elementor-section elementor-top-section elementor-element elementor-element-ff757aa elementor-section-boxed elementor-section-height-default elementor-section-height-default\" data-id=\"ff757aa\" data-element_type=\"section\" data-e-type=\"section\">\n\t\t\t\t\t\t<div class=\"elementor-container elementor-column-gap-default\">\n\t\t\t\t\t<div class=\"elementor-column elementor-col-100 elementor-top-column elementor-element elementor-element-4b9b56d\" data-id=\"4b9b56d\" data-element_type=\"column\" data-e-type=\"column\">\n\t\t\t<div class=\"elementor-widget-wrap elementor-element-populated\">\n\t\t\t\t\t\t<div class=\"elementor-element elementor-element-a09a646 elementor-widget elementor-widget-heading\" data-id=\"a09a646\" data-element_type=\"widget\" data-e-type=\"widget\" data-widget_type=\"heading.default\">\n\t\t\t\t<div class=\"elementor-widget-container\">\n\t\t\t\t\t<h1 class=\"elementor-heading-title elementor-size-default\">Facilit\u00e9s de voyage pour le personnel FVP<\/h1>\t\t\t\t<\/div>\n\t\t\t\t<\/div>\n\t\t\t\t\t<\/div>\n\t\t<\/div>\n\t\t\t\t\t<\/div>\n\t\t<\/section>\n\t\t\t\t<section class=\"elementor-section elementor-top-section elementor-element elementor-element-314a746 elementor-section-boxed elementor-section-height-default elementor-section-height-default\" data-id=\"314a746\" data-element_type=\"section\" data-e-type=\"section\">\n\t\t\t\t\t\t<div class=\"elementor-container elementor-column-gap-default\">\n\t\t\t\t\t<div class=\"elementor-column elementor-col-100 elementor-top-column elementor-element elementor-element-361a00d\" data-id=\"361a00d\" data-element_type=\"column\" data-e-type=\"column\">\n\t\t\t<div class=\"elementor-widget-wrap elementor-element-populated\">\n\t\t\t\t\t\t<div class=\"elementor-element elementor-element-53978cb elementor-widget elementor-widget-text-editor\" data-id=\"53978cb\" data-element_type=\"widget\" data-e-type=\"widget\" data-widget_type=\"text-editor.default\">\n\t\t\t\t<div class=\"elementor-widget-container\">\n\t\t\t\t\t\t\t\t\t<p><img fetchpriority=\"high\" decoding=\"async\" class=\"alignnone size-full wp-image-6497\" src=\"https:\/\/www.kvoev-actp.ch\/wp-content\/uploads\/2021\/11\/image550x313.jpg\" alt=\"\" width=\"550\" height=\"313\" srcset=\"https:\/\/www.kvoev-actp.ch\/wp-content\/uploads\/2021\/11\/image550x313.jpg 550w, https:\/\/www.kvoev-actp.ch\/wp-content\/uploads\/2021\/11\/image550x313-300x171.jpg 300w\" sizes=\"(max-width: 550px) 100vw, 550px\" \/><\/p>\n<p>Il y a eu une longue discussion et lutte au su-jet des nouvelles r\u00e9glementations FVP. Voici les changements valables \u00e0 partir du 1.1.22 et la communication \u00e0 leur sujet dans notre &#8220;Dossier FVP&#8221;.<\/p>\n\t\t\t\t\t\t\t\t<\/div>\n\t\t\t\t<\/div>\n\t\t\t\t\t<\/div>\n\t\t<\/div>\n\t\t\t\t\t<\/div>\n\t\t<\/section>\n\t\t\t\t<section class=\"elementor-section elementor-top-section elementor-element elementor-element-95c8e7a elementor-section-boxed elementor-section-height-default elementor-section-height-default\" data-id=\"95c8e7a\" data-element_type=\"section\" data-e-type=\"section\">\n\t\t\t\t\t\t<div class=\"elementor-container elementor-column-gap-default\">\n\t\t\t\t\t<div class=\"elementor-column elementor-col-100 elementor-top-column elementor-element elementor-element-4568b3b\" data-id=\"4568b3b\" data-element_type=\"column\" data-e-type=\"column\">\n\t\t\t<div class=\"elementor-widget-wrap elementor-element-populated\">\n\t\t\t\t\t\t<div class=\"elementor-element elementor-element-633eb28 elementor-widget elementor-widget-button\" data-id=\"633eb28\" data-element_type=\"widget\" data-e-type=\"widget\" data-widget_type=\"button.default\">\n\t\t\t\t<div class=\"elementor-widget-container\">\n\t\t\t\t\t\t\t\t\t<div class=\"elementor-button-wrapper\">\n\t\t\t\t\t<a class=\"elementor-button elementor-button-link elementor-size-sm\" href=\"https:\/\/www.kvoev-actp.ch\/wp-content\/uploads\/2021\/11\/191122-NL-51-Nouvelle-critique-des-facilites-de-voyage-pers-FVP.pdf\" target=\"_blank\">\n\t\t\t\t\t\t<span class=\"elementor-button-content-wrapper\">\n\t\t\t\t\t\t\t\t\t<span class=\"elementor-button-text\">NL 51 -Nouvelle critique des facilit\u00e9s de voyage pour le personnel (FVP) dans les m\u00e9dias (22.11.2019)<\/span>\n\t\t\t\t\t<\/span>\n\t\t\t\t\t<\/a>\n\t\t\t\t<\/div>\n\t\t\t\t\t\t\t\t<\/div>\n\t\t\t\t<\/div>\n\t\t\t\t\t<\/div>\n\t\t<\/div>\n\t\t\t\t\t<\/div>\n\t\t<\/section>\n\t\t\t\t<section class=\"elementor-section elementor-top-section elementor-element elementor-element-ffb42b4 elementor-section-boxed elementor-section-height-default elementor-section-height-default\" data-id=\"ffb42b4\" data-element_type=\"section\" data-e-type=\"section\">\n\t\t\t\t\t\t<div class=\"elementor-container elementor-column-gap-default\">\n\t\t\t\t\t<div class=\"elementor-column elementor-col-100 elementor-top-column elementor-element elementor-element-565f070\" data-id=\"565f070\" data-element_type=\"column\" data-e-type=\"column\">\n\t\t\t<div class=\"elementor-widget-wrap elementor-element-populated\">\n\t\t\t\t\t\t<div class=\"elementor-element elementor-element-3b0c1b6 elementor-widget elementor-widget-button\" data-id=\"3b0c1b6\" data-element_type=\"widget\" data-e-type=\"widget\" data-widget_type=\"button.default\">\n\t\t\t\t<div class=\"elementor-widget-container\">\n\t\t\t\t\t\t\t\t\t<div class=\"elementor-button-wrapper\">\n\t\t\t\t\t<a class=\"elementor-button elementor-button-link elementor-size-sm\" href=\"https:\/\/www.kvoev-actp.ch\/wp-content\/uploads\/2021\/11\/210705-MM-DETEC-FVP-AG-a-partir-de-2022.pdf\" target=\"_blank\">\n\t\t\t\t\t\t<span class=\"elementor-button-content-wrapper\">\n\t\t\t\t\t\t\t\t\t<span class=\"elementor-button-text\">La Conf\u00e9d\u00e9ration, l'UTP et les syndicats se mettent d'accord sur la nouvelle r\u00e9glementation des facilit\u00e9s de transport... (5.7.2021)<\/span>\n\t\t\t\t\t<\/span>\n\t\t\t\t\t<\/a>\n\t\t\t\t<\/div>\n\t\t\t\t\t\t\t\t<\/div>\n\t\t\t\t<\/div>\n\t\t\t\t\t<\/div>\n\t\t<\/div>\n\t\t\t\t\t<\/div>\n\t\t<\/section>\n\t\t\t\t<section class=\"elementor-section elementor-top-section elementor-element elementor-element-6429ed5 elementor-section-boxed elementor-section-height-default elementor-section-height-default\" data-id=\"6429ed5\" data-element_type=\"section\" data-e-type=\"section\">\n\t\t\t\t\t\t<div class=\"elementor-container elementor-column-gap-default\">\n\t\t\t\t\t<div class=\"elementor-column elementor-col-100 elementor-top-column elementor-element elementor-element-237f8e7\" data-id=\"237f8e7\" data-element_type=\"column\" data-e-type=\"column\">\n\t\t\t<div class=\"elementor-widget-wrap elementor-element-populated\">\n\t\t\t\t\t\t<div class=\"elementor-element elementor-element-9b0d0bf elementor-widget elementor-widget-button\" data-id=\"9b0d0bf\" data-element_type=\"widget\" data-e-type=\"widget\" data-widget_type=\"button.default\">\n\t\t\t\t<div class=\"elementor-widget-container\">\n\t\t\t\t\t\t\t\t\t<div class=\"elementor-button-wrapper\">\n\t\t\t\t\t<a class=\"elementor-button elementor-button-link elementor-size-sm\" href=\"https:\/\/www.kvoev-actp.ch\/wp-content\/uploads\/2021\/11\/210622-Vereinbarung-FVP-ab-2022-Auszug.pdf\" target=\"_blank\">\n\t\t\t\t\t\t<span class=\"elementor-button-content-wrapper\">\n\t\t\t\t\t\t\t\t\t<span class=\"elementor-button-text\">Vereinbarung zwischen dem Generalsekretariat UVEK, V\u00f6V und den Vertretern des Verkehrspersonal vom 22. Juni 2021 Auszug (16.7.2021)<\/span>\n\t\t\t\t\t<\/span>\n\t\t\t\t\t<\/a>\n\t\t\t\t<\/div>\n\t\t\t\t\t\t\t\t<\/div>\n\t\t\t\t<\/div>\n\t\t\t\t\t<\/div>\n\t\t<\/div>\n\t\t\t\t\t<\/div>\n\t\t<\/section>\n\t\t\t\t<section class=\"elementor-section elementor-top-section elementor-element elementor-element-0e092d2 elementor-section-boxed elementor-section-height-default elementor-section-height-default\" data-id=\"0e092d2\" data-element_type=\"section\" data-e-type=\"section\">\n\t\t\t\t\t\t<div class=\"elementor-container elementor-column-gap-default\">\n\t\t\t\t\t<div class=\"elementor-column elementor-col-100 elementor-top-column elementor-element elementor-element-94fd432\" data-id=\"94fd432\" data-element_type=\"column\" data-e-type=\"column\">\n\t\t\t<div class=\"elementor-widget-wrap elementor-element-populated\">\n\t\t\t\t\t\t<div class=\"elementor-element elementor-element-1644e37 elementor-widget elementor-widget-button\" data-id=\"1644e37\" data-element_type=\"widget\" data-e-type=\"widget\" data-widget_type=\"button.default\">\n\t\t\t\t<div class=\"elementor-widget-container\">\n\t\t\t\t\t\t\t\t\t<div class=\"elementor-button-wrapper\">\n\t\t\t\t\t<a class=\"elementor-button elementor-button-link elementor-size-sm\" href=\"https:\/\/www.kvoev-actp.ch\/wp-content\/uploads\/2021\/11\/210716-NL-Nouvelle-reglementation-pour-les-FVP-facilite-de-voyange-personnel.pdf\" target=\"_blank\">\n\t\t\t\t\t\t<span class=\"elementor-button-content-wrapper\">\n\t\t\t\t\t\t\t\t\t<span class=\"elementor-button-text\">NL - Nouvelle r\u00e9glementation pour les facilit\u00e9s de voyage du personnel (FVP) d\u00e8s 2022 (16.7.2021)<\/span>\n\t\t\t\t\t<\/span>\n\t\t\t\t\t<\/a>\n\t\t\t\t<\/div>\n\t\t\t\t\t\t\t\t<\/div>\n\t\t\t\t<\/div>\n\t\t\t\t\t<\/div>\n\t\t<\/div>\n\t\t\t\t\t<\/div>\n\t\t<\/section>\n\t\t\t\t<section class=\"elementor-section elementor-top-section elementor-element elementor-element-6e380e0 elementor-section-boxed elementor-section-height-default elementor-section-height-default\" data-id=\"6e380e0\" data-element_type=\"section\" data-e-type=\"section\">\n\t\t\t\t\t\t<div class=\"elementor-container elementor-column-gap-default\">\n\t\t\t\t\t<div class=\"elementor-column elementor-col-100 elementor-top-column elementor-element elementor-element-066fd1e\" data-id=\"066fd1e\" data-element_type=\"column\" data-e-type=\"column\">\n\t\t\t<div class=\"elementor-widget-wrap elementor-element-populated\">\n\t\t\t\t\t\t<div class=\"elementor-element elementor-element-9cc84f9 elementor-widget elementor-widget-spacer\" data-id=\"9cc84f9\" data-element_type=\"widget\" data-e-type=\"widget\" data-widget_type=\"spacer.default\">\n\t\t\t\t<div class=\"elementor-widget-container\">\n\t\t\t\t\t\t\t<div class=\"elementor-spacer\">\n\t\t\t<div class=\"elementor-spacer-inner\"><\/div>\n\t\t<\/div>\n\t\t\t\t\t\t<\/div>\n\t\t\t\t<\/div>\n\t\t\t\t\t<\/div>\n\t\t<\/div>\n\t\t\t\t\t<\/div>\n\t\t<\/section>\n\t\t\t\t<\/div>\n\t\t","protected":false},"excerpt":{"rendered":"<p>Facilit\u00e9s de voyage pour le personnel FVP Il y a eu une longue discussion et lutte au su-jet des nouvelles r\u00e9glementations FVP. Voici les changements valables \u00e0 partir du 1.1.22 et la communication \u00e0 leur sujet dans notre &#8220;Dossier FVP&#8221;. NL 51 -Nouvelle critique des facilit\u00e9s de voyage pour le personnel (FVP) dans les m\u00e9dias [&hellip;]<\/p>\n","protected":false},"author":1,"featured_media":0,"parent":1509,"menu_order":0,"comment_status":"closed","ping_status":"closed","template":"","meta":{"footnotes":""},"categories":[],"tags":[],"class_list":["post-6526","page","type-page","status-publish","hentry"],"_links":{"self":[{"href":"https:\/\/www.kvoev-actp.ch\/fr\/wp-json\/wp\/v2\/pages\/6526","targetHints":{"allow":["GET"]}}],"collection":[{"href":"https:\/\/www.kvoev-actp.ch\/fr\/wp-json\/wp\/v2\/pages"}],"about":[{"href":"https:\/\/www.kvoev-actp.ch\/fr\/wp-json\/wp\/v2\/types\/page"}],"author":[{"embeddable":true,"href":"https:\/\/www.kvoev-actp.ch\/fr\/wp-json\/wp\/v2\/users\/1"}],"replies":[{"embeddable":true,"href":"https:\/\/www.kvoev-actp.ch\/fr\/wp-json\/wp\/v2\/comments?post=6526"}],"version-history":[{"count":5,"href":"https:\/\/www.kvoev-actp.ch\/fr\/wp-json\/wp\/v2\/pages\/6526\/revisions"}],"predecessor-version":[{"id":14405,"href":"https:\/\/www.kvoev-actp.ch\/fr\/wp-json\/wp\/v2\/pages\/6526\/revisions\/14405"}],"up":[{"embeddable":true,"href":"https:\/\/www.kvoev-actp.ch\/fr\/wp-json\/wp\/v2\/pages\/1509"}],"wp:attachment":[{"href":"https:\/\/www.kvoev-actp.ch\/fr\/wp-json\/wp\/v2\/media?parent=6526"}],"wp:term":[{"taxonomy":"category","embeddable":true,"href":"https:\/\/www.kvoev-actp.ch\/fr\/wp-json\/wp\/v2\/categories?post=6526"},{"taxonomy":"post_tag","embeddable":true,"href":"https:\/\/www.kvoev-actp.ch\/fr\/wp-json\/wp\/v2\/tags?post=6526"}],"curies":[{"name":"wp","href":"https:\/\/api.w.org\/{rel}","templated":true}]}}

Nouvelle réglementation pour les facilités de voyage pour le personnel FVP 2022

<div data-elementor-type="wp-page" data-elementor-id="6526" class="elementor elementor-6526 elementor-6494" data-elementor-post-type="page">
						<section class="elementor-section elementor-top-section elementor-element elementor-element-403621b elementor-section-boxed elementor-section-height-default elementor-section-height-default" data-id="403621b" data-element_type="section" data-e-type="section">
						<div class="elementor-container elementor-column-gap-default">
					<div class="elementor-column elementor-col-100 elementor-top-column elementor-element elementor-element-8fc0211" data-id="8fc0211" data-element_type="column" data-e-type="column">
			<div class="elementor-widget-wrap elementor-element-populated">
						<div class="elementor-element elementor-element-1b30431 elementor-widget elementor-widget-spacer" data-id="1b30431" data-element_type="widget" data-e-type="widget" data-widget_type="spacer.default">
				<div class="elementor-widget-container">
							<div class="elementor-spacer">
			<div class="elementor-spacer-inner"></div>
		</div>
						</div>
				</div>
					</div>
		</div>
					</div>
		</section>
				<section class="elementor-section elementor-top-section elementor-element elementor-element-ff757aa elementor-section-boxed elementor-section-height-default elementor-section-height-default" data-id="ff757aa" data-element_type="section" data-e-type="section">
						<div class="elementor-container elementor-column-gap-default">
					<div class="elementor-column elementor-col-100 elementor-top-column elementor-element elementor-element-4b9b56d" data-id="4b9b56d" data-element_type="column" data-e-type="column">
			<div class="elementor-widget-wrap elementor-element-populated">
						<div class="elementor-element elementor-element-a09a646 elementor-widget elementor-widget-heading" data-id="a09a646" data-element_type="widget" data-e-type="widget" data-widget_type="heading.default">
				<div class="elementor-widget-container">
					<h1 class="elementor-heading-title elementor-size-default">Facilités de voyage pour le personnel FVP</h1>				</div>
				</div>
					</div>
		</div>
					</div>
		</section>
				<section class="elementor-section elementor-top-section elementor-element elementor-element-314a746 elementor-section-boxed elementor-section-height-default elementor-section-height-default" data-id="314a746" data-element_type="section" data-e-type="section">
						<div class="elementor-container elementor-column-gap-default">
					<div class="elementor-column elementor-col-100 elementor-top-column elementor-element elementor-element-361a00d" data-id="361a00d" data-element_type="column" data-e-type="column">
			<div class="elementor-widget-wrap elementor-element-populated">
						<div class="elementor-element elementor-element-53978cb elementor-widget elementor-widget-text-editor" data-id="53978cb" data-element_type="widget" data-e-type="widget" data-widget_type="text-editor.default">
				<div class="elementor-widget-container">
									<p><img fetchpriority="high" decoding="async" class="alignnone size-full wp-image-6497" src="https://www.kvoev-actp.ch/wp-content/uploads/2021/11/image550x313.jpg" alt="" width="550" height="313" srcset="https://www.kvoev-actp.ch/wp-content/uploads/2021/11/image550x313.jpg 550w, https://www.kvoev-actp.ch/wp-content/uploads/2021/11/image550x313-300x171.jpg 300w" sizes="(max-width: 550px) 100vw, 550px" /></p>
<p>Il y a eu une longue discussion et lutte au su-jet des nouvelles réglementations FVP. Voici les changements valables à partir du 1.1.22 et la communication à leur sujet dans notre &#8220;Dossier FVP&#8221;.</p>
								</div>
				</div>
					</div>
		</div>
					</div>
		</section>
				<section class="elementor-section elementor-top-section elementor-element elementor-element-95c8e7a elementor-section-boxed elementor-section-height-default elementor-section-height-default" data-id="95c8e7a" data-element_type="section" data-e-type="section">
						<div class="elementor-container elementor-column-gap-default">
					<div class="elementor-column elementor-col-100 elementor-top-column elementor-element elementor-element-4568b3b" data-id="4568b3b" data-element_type="column" data-e-type="column">
			<div class="elementor-widget-wrap elementor-element-populated">
						<div class="elementor-element elementor-element-633eb28 elementor-widget elementor-widget-button" data-id="633eb28" data-element_type="widget" data-e-type="widget" data-widget_type="button.default">
				<div class="elementor-widget-container">
									<div class="elementor-button-wrapper">
					<a class="elementor-button elementor-button-link elementor-size-sm" href="https://www.kvoev-actp.ch/wp-content/uploads/2021/11/191122-NL-51-Nouvelle-critique-des-facilites-de-voyage-pers-FVP.pdf" target="_blank">
						<span class="elementor-button-content-wrapper">
									<span class="elementor-button-text">NL 51 -Nouvelle critique des facilités de voyage pour le personnel (FVP) dans les médias (22.11.2019)</span>
					</span>
					</a>
				</div>
								</div>
				</div>
					</div>
		</div>
					</div>
		</section>
				<section class="elementor-section elementor-top-section elementor-element elementor-element-ffb42b4 elementor-section-boxed elementor-section-height-default elementor-section-height-default" data-id="ffb42b4" data-element_type="section" data-e-type="section">
						<div class="elementor-container elementor-column-gap-default">
					<div class="elementor-column elementor-col-100 elementor-top-column elementor-element elementor-element-565f070" data-id="565f070" data-element_type="column" data-e-type="column">
			<div class="elementor-widget-wrap elementor-element-populated">
						<div class="elementor-element elementor-element-3b0c1b6 elementor-widget elementor-widget-button" data-id="3b0c1b6" data-element_type="widget" data-e-type="widget" data-widget_type="button.default">
				<div class="elementor-widget-container">
									<div class="elementor-button-wrapper">
					<a class="elementor-button elementor-button-link elementor-size-sm" href="https://www.kvoev-actp.ch/wp-content/uploads/2021/11/210705-MM-DETEC-FVP-AG-a-partir-de-2022.pdf" target="_blank">
						<span class="elementor-button-content-wrapper">
									<span class="elementor-button-text">La Confédération, l'UTP et les syndicats se mettent d'accord sur la nouvelle réglementation des facilités de transport... (5.7.2021)</span>
					</span>
					</a>
				</div>
								</div>
				</div>
					</div>
		</div>
					</div>
		</section>
				<section class="elementor-section elementor-top-section elementor-element elementor-element-6429ed5 elementor-section-boxed elementor-section-height-default elementor-section-height-default" data-id="6429ed5" data-element_type="section" data-e-type="section">
						<div class="elementor-container elementor-column-gap-default">
					<div class="elementor-column elementor-col-100 elementor-top-column elementor-element elementor-element-237f8e7" data-id="237f8e7" data-element_type="column" data-e-type="column">
			<div class="elementor-widget-wrap elementor-element-populated">
						<div class="elementor-element elementor-element-9b0d0bf elementor-widget elementor-widget-button" data-id="9b0d0bf" data-element_type="widget" data-e-type="widget" data-widget_type="button.default">
				<div class="elementor-widget-container">
									<div class="elementor-button-wrapper">
					<a class="elementor-button elementor-button-link elementor-size-sm" href="https://www.kvoev-actp.ch/wp-content/uploads/2021/11/210622-Vereinbarung-FVP-ab-2022-Auszug.pdf" target="_blank">
						<span class="elementor-button-content-wrapper">
									<span class="elementor-button-text">Vereinbarung zwischen dem Generalsekretariat UVEK, VöV und den Vertretern des Verkehrspersonal vom 22. Juni 2021 Auszug (16.7.2021)</span>
					</span>
					</a>
				</div>
								</div>
				</div>
					</div>
		</div>
					</div>
		</section>
				<section class="elementor-section elementor-top-section elementor-element elementor-element-0e092d2 elementor-section-boxed elementor-section-height-default elementor-section-height-default" data-id="0e092d2" data-element_type="section" data-e-type="section">
						<div class="elementor-container elementor-column-gap-default">
					<div class="elementor-column elementor-col-100 elementor-top-column elementor-element elementor-element-94fd432" data-id="94fd432" data-element_type="column" data-e-type="column">
			<div class="elementor-widget-wrap elementor-element-populated">
						<div class="elementor-element elementor-element-1644e37 elementor-widget elementor-widget-button" data-id="1644e37" data-element_type="widget" data-e-type="widget" data-widget_type="button.default">
				<div class="elementor-widget-container">
									<div class="elementor-button-wrapper">
					<a class="elementor-button elementor-button-link elementor-size-sm" href="https://www.kvoev-actp.ch/wp-content/uploads/2021/11/210716-NL-Nouvelle-reglementation-pour-les-FVP-facilite-de-voyange-personnel.pdf" target="_blank">
						<span class="elementor-button-content-wrapper">
									<span class="elementor-button-text">NL - Nouvelle réglementation pour les facilités de voyage du personnel (FVP) dès 2022 (16.7.2021)</span>
					</span>
					</a>
				</div>
								</div>
				</div>
					</div>
		</div>
					</div>
		</section>
				<section class="elementor-section elementor-top-section elementor-element elementor-element-6e380e0 elementor-section-boxed elementor-section-height-default elementor-section-height-default" data-id="6e380e0" data-element_type="section" data-e-type="section">
						<div class="elementor-container elementor-column-gap-default">
					<div class="elementor-column elementor-col-100 elementor-top-column elementor-element elementor-element-066fd1e" data-id="066fd1e" data-element_type="column" data-e-type="column">
			<div class="elementor-widget-wrap elementor-element-populated">
						<div class="elementor-element elementor-element-9cc84f9 elementor-widget elementor-widget-spacer" data-id="9cc84f9" data-element_type="widget" data-e-type="widget" data-widget_type="spacer.default">
				<div class="elementor-widget-container">
							<div class="elementor-spacer">
			<div class="elementor-spacer-inner"></div>
		</div>
						</div>
				</div>
					</div>
		</div>
					</div>
		</section>
				</div>

<p>Facilités de voyage pour le personnel FVP Il y a eu une longue discussion et lutte au su-jet des nouvelles réglementations FVP. Voici les changements valables à partir du 1.1.22 et la communication à leur sujet dans notre &#8220;Dossier FVP&#8221;. NL 51 -Nouvelle critique des facilités de voyage pour le personnel (FVP) dans les médias [&hellip;]</p>
